801 composite?
False
Is 22814838083 a prime number?
False
Is 10770544721 a prime number?
True
Is 33502612571 a composite number?
True
Is 2158482239 composite?
True
Is 1736789177 prime?
True
Is 23625080329 a prime number?
True
Is 513903107 prime?
True
Is 376213207 prime?
True
Is 157645387 a composite number?
False
Is 189114359 prime?
False
Is 5501530831 a prime number?
False
Is 11168269379 prime?
True
Is 1080999901 a prime number?
True
Is 4712866831 a prime number?
False
Is 4096305511 composite?
False
Is 1556821633 prime?
False
Is 154051819 a composite number?
False
Is 657844031 composite?
True
Is 376049860079 prime?
True
Is 499487237 a composite number?
False
Is 195408167 composite?
True
Is 17399710061 prime?
True
Is 72715380863 a composite number?
False
Is 18894042941 a prime number?
True
Is 958396447 prime?
False
Is 3551377402 prime?
False
Is 5988425881 composite?
True
Is 44056379 a prime number?
False
Is 20569279153 a composite number?
False
Is 18357206947 composite?
True
Is 188210322093 a composite number?
True
Is 2474818291 a composite number?
True
Is 20386289461 prime?
True
Is 1565136319 a composite number?
False
Is 4590163 prime?
False
Is 44215418759 prime?
True
Is 463548227 composite?
False
Is 70712610929 a composite number?
True
Is 1718280901 a prime number?
True
Is 674793377 a prime number?
False
Is 265638301 composite?
False
Is 7662238594 a prime number?
False
Is 229055762543 a composite number?
False
Is 134277306973 composite?
True
Is 35224197245 a composite number?
True
Is 47473236827 a composite number?
False
Is 29273681 a prime number?
True
Is 18487960091 a composite number?
True
Is 3769777801 a prime number?
False
Is 9248934709 composite?
True
Is 5137613119 a composite number?
True
Is 5781473 composite?
True
Is 14602749353 composite?
True
Is 7639352023 composite?
False
Is 153879395 prime?
False
Is 580508693 a composite number?
False
Is 2236292629 a composite number?
False
Is 2189156857 a composite number?
False
Is 1321339189 prime?
False
Is 564716981 composite?
False
Is 751071736795 prime?
False
Is 818392357 composite?
False
Is 13565186191 prime?
False
Is 64569152359 a composite number?
False
Is 197297004431 prime?
False
Is 160496377 a composite number?
True
Is 117949666 composite?
True
Is 178725307 a prime number?
False
Is 1451036471 a prime number?
False
Is 587876293 composite?
False
Is 17044834007 prime?
False
Is 1065112487 a composite number?
False
Is 3516734939 prime?
False
Is 25746699959 prime?
True
Is 148245098 a prime number?
False
Is 1039547219 prime?
True
Is 21789661097 composite?
False
Is 19123225921 a composite number?
False
Is 346864339 a prime number?
False
Is 4846959431 prime?
True
Is 135437705341 a composite number?
True
Is 21858223867 prime?
True
Is 1184533243 composite?
True
Is 601601029 composite?
False
Is 148467761711 prime?
False
Is 2395876169 prime?
True
Is 426460481 prime?
False
Is 610948957 composite?
False
Is 48731897909 a composite number?
False
Is 452679637 a prime number?
True
Is 401163173 a prime number?
False
Is 28592944319 a prime number?
False
Is 5376042979 a prime number?
True
Is 8324669279 composite?
True
Is 4432843027 composite?
False
Is 6648956947 a prime number?
False
Is 102480518821 prime?
False
Is 30310661083 composite?
True
Is 7056028059 a composite number?
True
Is 566245189 a prime number?
True
Is 27550354313 prime?
False
Is 49794086557 composite?
True
Is 1008188897 prime?
True
Is 1290462139 a prime number?
True
Is 4563532447 prime?
True
Is 542362085 a prime number?
False
Is 1435663139 composite?
True
Is 846371567 a composite number?
True
Is 117155639899 a prime number?
False
Is 8602030043 composite?
False
Is 394756753 prime?
True
Is 65299681001 composite?
False
Is 374014577 composite?
False
Is 909048485 prime?
False
Is 802054193 composite?
True
Is 162055097 a composite number?
False
Is 369465923 prime?
False
Is 777604981 a composite number?
False
Is 15512110871 prime?
True
Is 17391683359 prime?
False
Is 58337745799 prime?
True
Is 1359416417 prime?
True
Is 11952615821 a prime number?
False
Is 7229403083 prime?
False
Is 2340889693 composite?
True
Is 322361951 a composite number?
True
Is 6999486059 composite?
False
Is 7057829279 a prime number?
True
Is 25221068003 composite?
False
Is 12484608017 prime?
False
Is 3161192339 a composite number?
False
Is 9860059369 a composite number?
True
Is 6895440739 composite?
True
Is 1904063867 composite?
False
Is 1603892363 prime?
True
Is 58913481727 prime?
True
Is 71289779479 a composite number?
True
Is 134157199 a composite number?
True
Is 4313795487 a prime number?
False
Is 157732591435 prime?
False
Is 32109922463 composite?
False
Is 1517888989 a prime number?
False
Is 5881967177 a prime number?
False
Is 2135473451 a prime number?
True
Is 44915994787 composite?
False
Is 4127676431 a composite number?
False
Is 91714160777 a prime number?
True
Is 2442493334 prime?
False
Is 8162434811 a composite number?
False
Is 1952734243 prime?
False
Is 56077734094 a prime number?
False
Is 1161005789 prime?
True
Is 47128532419 a prime number?
True
Is 16196780051 a prime number?
True
Is 4518846485 a prime number?
False
Is 814731221 prime?
False
Is 27607621 composite?
True
Is 340453597 a prime number?
False
Is 1028625847 a composite number?
True
Is 2135310091 composite?
False
Is 5081913827 prime?
True
Is 13960067483 composite?
False
Is 635053035913 a composite number?
False
Is 2510094431 a prime number?
False
Is 20035822627 composite?
False
Is 78678785481 prime?
False
Is 19062757501 a prime number?
True
Is 1665349007 composite?
True
Is 3224177767 composite?
False
Is 6979209535 prime?
False
Is 151940548663 a composite number?
False
Is 1757932217 composite?
True
Is 2818212841 composite?
True
Is 570843071 composite?
True
Is 1572646723 a prime number?
True
Is 21969682783 a composite number?
False
Is 8772369343 composite?
True
Is 20164985711 composite?
True
Is 260545163 prime?
False
Is 42303141607 prime?
True
Is 906349841 a composite number?
True
Is 22742967913 composite?
True
Is 216656521 a composite number?
False
Is 1812017059 a prime number?
True
Is 837719767 a composite number?
True
Is 2000637215 a composite number?
True
Is 18839070137 prime?
True
Is 8949268729 a prime number?
False
Is 1053355227 a prime number?
False
Is 2099911469 a composite number?
False
Is 12239429966 prime?
False
Is 161200099517 composite?
True
Is 9560985139 a prime number?
True
Is 13599191698 composite?
True
Is 27444739 composite?
True
Is 8481179279 prime?
True
Is 3163984237 a prime number?
True
Is 31540473901 a composite number?
False
Is 43240488823 a prime number?
False
Is 6066618367 a prime number?
True
Is 12318773513 prime?
False
Is 46153439 prime?
True
Is 50071507709 a composite number?
True
Is 465645883 prime?
True
Is 722760179 a prime number?
True
Is 1097547967 a prime number?
False
Is 32423541389 composite?
False
Is 17856749201 prime?
False
Is 30802573 prime?
False
Is 9366518323 a composite number?
False
Is 10865835331 a composite number?
True
Is 14762496937 prime?
False
Is 2236191493 a composite number?
True
Is 625964783 a prime number?
True
Is 1486143283 a composite number?
True
Is 5330374873 composite?
False
Is 730807487 a composite number?
False
Is 513551089 prime?
False
Is 4599481595 a prime number?
False
Is 10264037471 a composite number?
False
Is 13360906019 a prime number?
False
Is 43250217937 a composite number?
False
Is 29774558549 prime?
False
Is 72862717 composite?
False
Is 360539401 a composite number?
False
Is 637329409 composite?
True
Is 11539767809 a composite number?
False
Is 1680943321 composite?
False
Is 19346671463 a composite number?
True
Is 9046437269 a composite number?
True
Is 67909406087 prime?
True
Is 18510731 a composite number?
True
Is 146822197 a prime number?
False
Is 6304917737 a composite number?
False
Is 416044037 a prime number?
True
Is 496195471 a prime number?
True
Is 1807103401 prime?
True
Is 848255867 a composite number?
True
Is 12110547139 a prime number?
False
Is 112931025355 prime?
False
Is 1359084373 composite?
False
Is 35987785 a composite number?
True
Is 29047628501 composite?
False
Is 10468279 prime?
False
Is 2798721689 composite?
False
Is 1184270093 prime?
True
Is 13067693 a composite number?
False
Is 16535851 a prime number?
False
Is 18662